 15*r - 13. Let x = -5665 + 5676. What is c(x)?
64
Let u(w) be the first derivative of w**2/2 + 3*w - 5888. Let z be 3/12*6*4. Let f = 6 - z. Calculate u(f).
3
Let t(r) = r**3 - 66*r**2 - 136*r - 5. Let o be t(68). Let y(q) = q**3 + 5*q**2 - 2*q + 7. Give y(o).
17
Let n(x) be the second derivative of x**4/12 + x**3/6 + 6*x**2 + 252*x. Let f = 4 - 1. Let h(w) = -w**3 + 4*w**2 - 4*w + 3. Let s be h(f). Determine n(s).
12
Let c(p) be the third derivative of -11*p**7/5040 + p**6/720 + 7*p**5/12 - 11*p**2 + 2. Let v(x) be the third derivative of c(x). Determine v(2).
-21
Let t = 4245 + -4244. Let d(j) = -34*j**3 + j**2 - j. Calculate d(t).
-34
Let r(o) = -3*o**3 - 4*o**2 + 16*o + 18. Let m(k) = 3*k**2 - 47*k + 153. Let a be m(11). Give r(a).
1
Let b = 4999 + -5014. Let c(z) = z**2 + 14*z - 14. What is c(b)?
1
Let o(g) = 13*g**2 + 171*g - 12. Let k(v) = -7*v**2 - 93*v + 6. Let y(c) = -11*k(c) - 6*o(c). Suppose 3*u = -14 - 7. Calculate y(u).
-22
Suppose -5*u - 30 = -2*y, -15 = -2*y + y + 3*u. Let c(j) = -10*j**2 - 6 + y - 2 - j + j**3 + 1. What is c(10)?
-2
Let m(h) be the second derivative of -h**3/6 - 157*h. Let p(y) = -y - 5. Let d be p(-8). Suppose d*s - 12 - 2 = 5*r, -5*r = -2*s + 16. Determine m(s).
2
Let g(x) be the first derivative of 0*x + 54 + 9/2*x**2 + 1/3*x**3. Determine g(-8).
-8
Let y(d) be the second derivative of d**7/2520 + d**6/144 - d**5/40 + 29*d**4/4 - d**2 + 4*d + 8. Let v(m) be the third derivative of y(m). What is v(-6)?
3
Let o(q) be the second derivative of 1/3*q**3 + 0 - 124*q + 7/2*q**2. Determine o(-5).
-3
Let w(g) be the second derivative of -g**4/12 + g**3/6 + 2*g**2 + 5126*g. Let v be 30/4 + 6/4. Suppose -k = 2*k - v. What is w(k)?
-2
Let v(q) be the third derivative of 7*q**5/60 - q**4/8 + 94*q**3/3 + q**2 + 12. Let k(u) be the first derivative of v(u). What is k(2)?
25
Let c(a) = -a**2 - 7*a - 5. Let u(z) = 2*z**2 - 26*z + 19. Let v(k) = -k + 1. Let i(l) = u(l) - 4*v(l). Let o be i(10). Give c(o).
5
Let q(f) = -4*f + 7*f - 4 - 6 - 1 + 9. Let n(w) = 8*w - 5. Let g(i) = n(i) - 3*q(i). Give g(2).
-1
Let v(j) = -j + 2. Suppose -4*s = 3*d - 55, -37*s = -34*s - d - 25. Calculate v(s).
-8
Let q be -69 - (-6)/24*-4. Let k = 71 + q. Let a(m) = 3 - k + 6 + 8*m - 5*m**2 + 4*m**3 - 5*m**3. Determine a(-6).
-4
Let s(v) = v**3 + 2*v**2 - 2*v - 3. Let q = -165 + 161. Let l be (8 + (q - 1))/(-1). Determine s(l).
-6
Suppose -139*p + 134*p + 3*s + 44 = 0, 5*s = -4*p + 50. Let l(h) = 11 - 2*h**2 + 8*h + h**2 + 0*h**2. Give l(p).
-9
Suppose 3*l - 4*d = 41, -l - d = -14 + 12. Let n = 13 + -2. Let c(x) = 0*x + n*x - x**2 + 5 - 3*x - 8. Give c(l).
4
Let w(g) = g**3 + 0*g + 65 - 72 - 5*g**2 + g. What is w(6)?
35
Let h = -36 - -6. Let l = h + 26. Let b(y) be the third derivative of -y**4/24 - 5*y**3/6 + 32*y**2. Give b(l).
-1
Suppose 0 = 4*m + 29 - 37. Let r(i) be the first derivative of 0*i + 26 - 1/2*i**2. Calculate r(m).
-2
Suppose 10*u = 5*u + 60. Suppose 0 = -9*l + u*l - 18. Let r(o) = 17*o**2 + 11*o**2 - 5*o - 6 + 10*o**2 - 37*o**2. Determine r(l).
0
Let c(i) = -i**3 + 15*i**2 - 4*i + 6. Let j be c(15). Let h be (18/(-4))/(j/(-8) - 6). Let u(n) = n**3 + 5*n**2 - 7*n - 7. Determine u(h).
-1
Let a(r) = 7*r + 2. Let x = -370 + 366. Let i(o) = o. Let g(z) = x*i(z) - a(z). Determine g(2).
-24
Let r(s) be the third derivative of s**5/30 + s**4/8 + s**3/2 + 380*s**2 + 1. Give r(-6).
57
Let s = 39 - 35. Let f(l) = 5*l - l**2 + l**3 - s*l + l + 7*l**2 + 6. Calculate f(-5).
21
Let p(k) = -k**2 + 9*k - 22. Let d be p(7). Let s(n) be the third derivative of -n**6/120 - 3*n**5/20 - n**4/3 + 5*n**3/3 - 102*n**2. Give s(d).
10
Let l(m) = m + 3. Let r be (48/(-14))/((-1)/21). Let y = -58 + r. Let n = -14 + y. What is l(n)?
3
Let a(y) = -9*y - 16. Suppose -3*m + 6 = -6. Let s(i) = 5*i + 8. Let h(t) = -3*t**3 - 17*t**2 + 6*t + 7. Let v be h(-6). Let n(x) = m*a(x) + v*s(x). Give n(-4).
-4
Let n = -121 + 130. Let k(c) be the second derivative of c**4/12 - 3*c**3/2 + 7*c**2/2 - 301*c + 1. Give k(n).
7
Let q(k) = 59 - k + 55 + 50 - 172. Let b be (-212)/(-26) + (-22)/143. Calculate q(b).
-16
Let g(x) = -23392*x**3 - 31 - 33 - 3*x - 18*x**2 + 23391*x**3. Give g(-18).
-10
Let o(d) be the third derivative of d**4/24 - d**3 - 3*d**2 + 10*d. Let h be ((-3)/(-5) - 1)*-5. Let q be o(h). Let g(z) = z**2 + 3*z + 6. Determine g(q).
10
Suppose u - q - 1 = -2, 4*q - 20 = 0. Suppose -3*y + 18 = 3*o, u*o - 50 = y - 6. Let n(v) = 3 - o*v**2 + 14*v**2 - 5 + v + v + v**3. Calculate n(-2).
2
Suppose 33 = -9*t + 60. Suppose -4*b = -t*y + 14, 1 + 3 = -2*b. Let w(k) = k**3 + k**2 + k + 1. Determine w(y).
15
Let t(i) be the second derivative of 2*i**3/3 + 5*i**2/2 + 2504*i. Give t(-4).
-11
Let l(z) be the first derivative of z**3/3 + z**2 - 8*z - 1. Suppose 1314*x + 280 = 1279*x. Give l(x).
40
Let g(c) = 2928 + c**2 - 10*c - 3014 + 33*c. Calculate g(-26).
-8
Suppose 0 = 295*g - 9*g - 629 - 801. Let r(z) = -z**2 + 17*z + 6. Give r(g).
66
Let g(x) be the second derivative of x**8/6720 - x**7/210 + 11*x**6/720 + 38*x**4/3 - x - 7. Let k(m) be the third derivative of g(m). Give k(11).
0
Let w be (-16)/12*(-7)/((-70)/15). Let u(g) = -8*g**3 + 2*g - 1. Let z(q) = -35*q**3 + q**2 + 9*q - 5. Let t(r) = -9*u(r) + 2*z(r). Calculate t(w).
-9
Suppose -6*x - 185 = -4*s - 189, -3*x + 14 = -5*s. Let a(b) = -b**2 - 11*b - 10. Calculate a(s).
18
Let y(s) = 108 + 215 + 65*s + 84*s + 52*s - 237*s. Give y(9).
-1
Let a(b) = 80*b - 5*b**3 - 3 + 6*b**3 - b**2 - 150*b + 78*b - 8*b**2. Let z = 13 + -5. Give a(z).
-3
Let t(o) be the first derivative of -5*o**3/3 - 4*o**2 + 4*o - 3782. What is t(-4)?
-44
Let s(t) be the first derivative of -2*t**2 + t + 17. Suppose 1 = 30*f + 61. Give s(f).
9
Let g = -144 + 144. Suppose z = 2*c + 11, 8*z - 12*z - 3*c + 11 = g. Let y(f) = f**3 - 6*f**2 + 6*f + 5. Calculate y(z).
10
Let y be (-5824)/(-1820)*(-10)/4. Let f(b) = 3*b**2 + 15*b - 78. Determine f(y).
-6
Let p(s) = 15*s - 19. Let q(f) = 31*f - 42. Suppose -21*h = -177 + 93. Let y(m) = h*q(m) - 9*p(m). What is y(2)?
-19
Suppose 5*u - 11 = -1. Let l(p) = 12*p - 2. Let r(v) = -19*v + 4. Let h(o) = -8*l(o) - 5*r(o). Let q be h(u). Let g(y) = -y**3 - 6*y**2 + y. What is g(q)?
-6
Suppose 30*p - 2487 + 570 = -41*p. Let u(m) = m**3 - 23*m**2 - 107*m - 36. What is u(p)?
-9
Let w(a) = a**3 - 69*a**2 + 723*a + 287. Let u be w(56). Let l(i) = -7*i**2 + 7*i + 9. Let q(p) = 8*p**2 - 7*p - 10. Let o(v) = 7*l(v) + 6*q(v). Determine o(u).
3
Let v = -6 - -13. Let n(p) be the first derivative of -p**3/6 + 7*p**2/2 - 209*p - 155. Let s(b) be the first derivative of n(b). Give s(v).
0
Let u(x) be the first derivative of 11 + 0*x - 5/24*x**4 - 1/6*x**3 + 15/2*x**2. Let y(i) be the second derivative of u(i). Calculate y(-2).
9
Suppose 20 = 3*s - 8*v, -5*s + 89 - 74 = 5*v. Let z be 2/(-2) - 5/(-1). Let d(t) = -t**2 + z*t**2 + 3*t + 3 + t**3 - 2*t**3. What is d(s)?
-1
Let h be (-5)/25 - 12/(-10) - -2. Let c(x) = 0 - 3 - 5*x**3 + 6*x**2 + 3*x**3 + h*x + 3*x**3. Let u(f) = -f**2 + 21*f - 23. Let l be u(20). Determine c(l).
15
Let l(w) = -52753 - 3*w**2 + 52753 - 19*w. Determine l(-7).
-14
Let h = 200 - 200. Let l be ((-147)/245)/((-2)/(-20) + h). Let g(y) = -y**2 - 7*y - 6. Determine g(l).
0
Let f(o) be the third derivative of -o**6/120 + 4*o**5/15 + 2*o**4/3 + 8*o**2 - 1165*o. Suppose -9*c = -8*c - 17. Give f(c).
-17
Let t(h) be the first derivative of -4/3*h**3 + 68 + 1/4*h**4 - 4*h + 0*h**2. Determine t(4).
-4
Suppose -o + 9 - 3 = 0. Let w(q) be the first derivative of -q**4/4 + 5*q**3/3 + 7*q**2/2 - q - 3968. Determine w(o).
5
Let d(b) = -3*b. Let f(r) = 2*r - 1. Let j(t) = t**3 + 12*t**2 + 16*t + 49. Let x be j(-11). Let l(w) = x*f(w) - 3*d(w). Calculate l(8).
-18
Let y = -34 + 35. Let w be (y - 2)/(-1) + 2*1. Let r(t) = -15 + t + 0*t**3 + 27 - 6*t**w - 13. Determine r(1).
-6
Let l(a) = 46*a - 6. Let g(n) = 29*n - 4. Let s(u) = 8*g(u) - 5*l(u). Calculate s(-3).
-8
Let u(g) = g**2 - 9*g + 7. Let f be u(5). Let x be (-38)/8 - (-9)/(-23 + f). Let m(s) = -3*s + 6. Give m(x).
21
Let l(b) = 2*b**3 + 3*b**2 + b. Suppose 10*d + 318 = 148. Let w = -38 + 19. Let t = w - d. Give l(t).
-6
Let j(i) = 5*i**3 + i**2 + 18*i - 6. Let p(f) = 2*f**3 + 6*f - 2. Let s(x) = 3*j(x) - 8*p(x). Suppose -312*d = -204*d - 432. What is s(d)?
6
Let b(q) = -2*